[INFO] cloning repository https://github.com/Sirius708/dll-injection-test
[INFO] running `Command { std: "git" "-c" "credential.helper=" "-c" "credential.helper=/workspace/cargo-home/bin/git-credential-null" "clone" "--bare" "https://github.com/Sirius708/dll-injection-test" "/workspace/cache/git-repos/https%3A%2F%2Fgithub.com%2FSirius708%2Fdll-injection-test", kill_on_drop: false }`
[INFO] [stderr] Cloning into bare repository '/workspace/cache/git-repos/https%3A%2F%2Fgithub.com%2FSirius708%2Fdll-injection-test'...
[INFO] running `Command { std: "git" "rev-parse" "HEAD", kill_on_drop: false }`
[INFO] [stdout] 9853a439baedb0b19521fdede97b948fdf0259e1
[INFO] checking Sirius708/dll-injection-test against try#72f88fc4e9458f89516a0b8b0868f3718aec5b47 for pr-74989
[INFO] running `Command { std: "git" "clone" "/workspace/cache/git-repos/https%3A%2F%2Fgithub.com%2FSirius708%2Fdll-injection-test" "/workspace/builds/worker-3/source", kill_on_drop: false }`
[INFO] [stderr] Cloning into '/workspace/builds/worker-3/source'...
[INFO] [stderr] done.
[INFO] validating manifest of git repo https://github.com/Sirius708/dll-injection-test on toolchain 72f88fc4e9458f89516a0b8b0868f3718aec5b47
[INFO] running `Command { std: "/workspace/cargo-home/bin/cargo" "+72f88fc4e9458f89516a0b8b0868f3718aec5b47" "read-manifest" "--manifest-path" "Cargo.toml", kill_on_drop: false }`
[INFO] started tweaking git repo https://github.com/Sirius708/dll-injection-test
[INFO] finished tweaking git repo https://github.com/Sirius708/dll-injection-test
[INFO] tweaked toml for git repo https://github.com/Sirius708/dll-injection-test written to /workspace/builds/worker-3/source/Cargo.toml
[INFO] crate git repo https://github.com/Sirius708/dll-injection-test already has a lockfile, it will not be regenerated
[INFO] running `Command { std: "/workspace/cargo-home/bin/cargo" "+72f88fc4e9458f89516a0b8b0868f3718aec5b47" "fetch" "--locked" "--manifest-path" "Cargo.toml", kill_on_drop: false }`
[INFO] [stderr]  Downloading crates ...
[INFO] [stderr]   Downloaded w32-error v1.0.0
[INFO] running `Command { std: "docker" "create" "-v" "/var/lib/crater-agent-workspace/builds/worker-3/target:/opt/rustwide/target:rw,Z" "-v" "/var/lib/crater-agent-workspace/builds/worker-3/source:/opt/rustwide/workdir:ro,Z" "-v" "/var/lib/crater-agent-workspace/cargo-home:/opt/rustwide/cargo-home:ro,Z" "-v" "/var/lib/crater-agent-workspace/rustup-home:/opt/rustwide/rustup-home:ro,Z" "-e" "SOURCE_DIR=/opt/rustwide/workdir" "-e" "CARGO_TARGET_DIR=/opt/rustwide/target" "-e" "CARGO_HOME=/opt/rustwide/cargo-home" "-e" "RUSTUP_HOME=/opt/rustwide/rustup-home" "-w" "/opt/rustwide/workdir" "-m" "1610612736" "--user" "0:0" "--network" "none" "rustops/crates-build-env@sha256:d92eaeed33fa75130ca1ee6c8a01d1ffb62bac859dfdfb3450e3e5d1c0146529" "/opt/rustwide/cargo-home/bin/cargo" "+72f88fc4e9458f89516a0b8b0868f3718aec5b47" "metadata" "--no-deps" "--format-version=1", kill_on_drop: false }`
[INFO] [stdout] 30e864ea5e34260c2a6ddd5b066b62e90afa37cc37b386b44aa92f11f59cb9ff
[INFO] [stderr] WARNING: Your kernel does not support swap limit capabilities or the cgroup is not mounted. Memory limited without swap.
[INFO] running `Command { std: "docker" "start" "-a" "30e864ea5e34260c2a6ddd5b066b62e90afa37cc37b386b44aa92f11f59cb9ff", kill_on_drop: false }`
[INFO] running `Command { std: "docker" "inspect" "30e864ea5e34260c2a6ddd5b066b62e90afa37cc37b386b44aa92f11f59cb9ff", kill_on_drop: false }`
[INFO] running `Command { std: "docker" "rm" "-f" "30e864ea5e34260c2a6ddd5b066b62e90afa37cc37b386b44aa92f11f59cb9ff", kill_on_drop: false }`
[INFO] [stdout] 30e864ea5e34260c2a6ddd5b066b62e90afa37cc37b386b44aa92f11f59cb9ff
[INFO] running `Command { std: "docker" "create" "-v" "/var/lib/crater-agent-workspace/builds/worker-3/target:/opt/rustwide/target:rw,Z" "-v" "/var/lib/crater-agent-workspace/builds/worker-3/source:/opt/rustwide/workdir:ro,Z" "-v" "/var/lib/crater-agent-workspace/cargo-home:/opt/rustwide/cargo-home:ro,Z" "-v" "/var/lib/crater-agent-workspace/rustup-home:/opt/rustwide/rustup-home:ro,Z" "-e" "SOURCE_DIR=/opt/rustwide/workdir" "-e" "CARGO_TARGET_DIR=/opt/rustwide/target" "-e" "CARGO_INCREMENTAL=0" "-e" "RUST_BACKTRACE=full" "-e" "RUSTFLAGS=--cap-lints=forbid" "-e" "CARGO_HOME=/opt/rustwide/cargo-home" "-e" "RUSTUP_HOME=/opt/rustwide/rustup-home" "-w" "/opt/rustwide/workdir" "-m" "1610612736" "--user" "0:0" "--network" "none" "rustops/crates-build-env@sha256:d92eaeed33fa75130ca1ee6c8a01d1ffb62bac859dfdfb3450e3e5d1c0146529" "/opt/rustwide/cargo-home/bin/cargo" "+72f88fc4e9458f89516a0b8b0868f3718aec5b47" "check" "--frozen" "--all" "--all-targets" "--message-format=json", kill_on_drop: false }`
[INFO] [stderr] WARNING: Your kernel does not support swap limit capabilities or the cgroup is not mounted. Memory limited without swap.
[INFO] [stdout] a6172f863e3b4bb684b1d766e77e8df8da77ebf10e127d107da80d2ef7ed455f
[INFO] running `Command { std: "docker" "start" "-a" "a6172f863e3b4bb684b1d766e77e8df8da77ebf10e127d107da80d2ef7ed455f", kill_on_drop: false }`
[INFO] [stderr]     Checking dll-injection-test v0.1.0 (/opt/rustwide/workdir)
[INFO] [stdout] error[E0433]: failed to resolve: use of undeclared type or module `winapi`
[INFO] [stdout]  --> src/lib.rs:3:5
[INFO] [stdout]   |
[INFO] [stdout] 3 | use winapi::shared::minwindef::{BOOL, DWORD, HINSTANCE, LPVOID, TRUE};
[INFO] [stdout]   |     ^^^^^^ use of undeclared type or module `winapi`
[INFO] [stdout] 
[INFO] [stdout] 
[INFO] [stdout] error[E0433]: failed to resolve: use of undeclared type or module `winapi`
[INFO] [stdout]  --> src/lib.rs:4:5
[INFO] [stdout]   |
[INFO] [stdout] 4 | use winapi::um::winnt::{
[INFO] [stdout]   |     ^^^^^^ use of undeclared type or module `winapi`
[INFO] [stdout] 
[INFO] [stdout] 
[INFO] [stdout] error[E0433]: failed to resolve: use of undeclared type or module `winapi`
[INFO] [stdout]  --> src/lib.rs:7:5
[INFO] [stdout]   |
[INFO] [stdout] 7 | use winapi::um::winuser::{MessageBoxA, MB_ICONINFORMATION};
[INFO] [stdout]   |     ^^^^^^ use of undeclared type or module `winapi`
[INFO] [stdout] 
[INFO] [stdout] 
[INFO] [stdout] error[E0412]: cannot find type `HINSTANCE` in this scope
[INFO] [stdout]   --> src/lib.rs:12:16
[INFO] [stdout]    |
[INFO] [stdout] 12 |     _instance: HINSTANCE,
[INFO] [stdout]    |                ^^^^^^^^^ not found in this scope
[INFO] [stdout] 
[INFO] [stdout] 
[INFO] [stdout] error[E0412]: cannot find type `DWORD` in this scope
[INFO] [stdout]   --> src/lib.rs:13:18
[INFO] [stdout]    |
[INFO] [stdout] 13 |     call_reason: DWORD,
[INFO] [stdout]    |                  ^^^^^ not found in this scope
[INFO] [stdout] 
[INFO] [stdout] 
[INFO] [stdout] error[E0412]: cannot find type `LPVOID` in this scope
[INFO] [stdout]   --> src/lib.rs:14:16
[INFO] [stdout]    |
[INFO] [stdout] 14 |     _reserved: LPVOID,
[INFO] [stdout]    |                ^^^^^^ not found in this scope
[INFO] [stdout] 
[INFO] [stdout] 
[INFO] [stdout] error[E0412]: cannot find type `BOOL` in this scope
[INFO] [stdout]   --> src/lib.rs:15:6
[INFO] [stdout]    |
[INFO] [stdout] 15 | ) -> BOOL {
[INFO] [stdout]    |      ^^^^ not found in this scope
[INFO] [stdout] 
[INFO] [stdout] 
[INFO] [stdout] error[E0425]: cannot find function, tuple struct or tuple variant `MessageBoxA` in this scope
[INFO] [stdout]   --> src/lib.rs:21:17
[INFO] [stdout]    |
[INFO] [stdout] 21 |                 MessageBoxA(
[INFO] [stdout]    |                 ^^^^^^^^^^^ not found in this scope
[INFO] [stdout] 
[INFO] [stdout] 
[INFO] [stdout] error[E0425]: cannot find value `MB_ICONINFORMATION` in this scope
[INFO] [stdout]   --> src/lib.rs:25:21
[INFO] [stdout]    |
[INFO] [stdout] 25 |                     MB_ICONINFORMATION,
[INFO] [stdout]    |                     ^^^^^^^^^^^^^^^^^^ not found in this scope
[INFO] [stdout] 
[INFO] [stdout] 
[INFO] [stdout] error[E0425]: cannot find value `TRUE` in this scope
[INFO] [stdout]   --> src/lib.rs:34:5
[INFO] [stdout]    |
[INFO] [stdout] 34 |     TRUE
[INFO] [stdout]    |     ^^^^ not found in this scope
[INFO] [stdout] 
[INFO] [stdout] 
[INFO] [stdout] error: aborting due to 10 previous errors
[INFO] [stdout] 
[INFO] [stdout] 
[INFO] [stdout] Some errors have detailed explanations: E0412, E0425, E0433.
[INFO] [stdout] 
[INFO] [stdout] For more information about an error, try `rustc --explain E0412`.
[INFO] [stdout] 
[INFO] [stderr] error: could not compile `dll-injection-test`.
[INFO] [stderr] 
[INFO] [stderr] To learn more, run the command again with --verbose.
[INFO] [stderr] warning: build failed, waiting for other jobs to finish...
[INFO] [stdout] error[E0433]: failed to resolve: use of undeclared type or module `winapi`
[INFO] [stdout]  --> src/lib.rs:3:5
[INFO] [stdout]   |
[INFO] [stdout] 3 | use winapi::shared::minwindef::{BOOL, DWORD, HINSTANCE, LPVOID, TRUE};
[INFO] [stdout]   |     ^^^^^^ use of undeclared type or module `winapi`
[INFO] [stdout] 
[INFO] [stdout] 
[INFO] [stdout] error[E0433]: failed to resolve: use of undeclared type or module `winapi`
[INFO] [stdout]  --> src/lib.rs:4:5
[INFO] [stdout]   |
[INFO] [stdout] 4 | use winapi::um::winnt::{
[INFO] [stdout]   |     ^^^^^^ use of undeclared type or module `winapi`
[INFO] [stdout] 
[INFO] [stdout] 
[INFO] [stdout] error[E0433]: failed to resolve: use of undeclared type or module `winapi`
[INFO] [stdout]  --> src/lib.rs:7:5
[INFO] [stdout]   |
[INFO] [stdout] 7 | use winapi::um::winuser::{MessageBoxA, MB_ICONINFORMATION};
[INFO] [stdout]   |     ^^^^^^ use of undeclared type or module `winapi`
[INFO] [stdout] 
[INFO] [stdout] 
[INFO] [stdout] error[E0601]: `main` function not found in crate `dll_injection_test`
[INFO] [stdout]    --> src/main.rs:1:1
[INFO] [stdout]     |
[INFO] [stdout] 1   | / #![cfg(windows)]
[INFO] [stdout] 2   | |
[INFO] [stdout] 3   | | mod proc;
[INFO] [stdout] 4   | |
[INFO] [stdout] ...   |
[INFO] [stdout] 119 | |     println!("Finished dll hook injection");
[INFO] [stdout] 120 | | }
[INFO] [stdout]     | |_^ consider adding a `main` function to `src/main.rs`
[INFO] [stdout] 
[INFO] [stdout] 
[INFO] [stdout] error: aborting due to previous error
[INFO] [stdout] 
[INFO] [stdout] 
[INFO] [stdout] For more information about this error, try `rustc --explain E0601`.
[INFO] [stdout] 
[INFO] [stdout] error[E0412]: cannot find type `HINSTANCE` in this scope
[INFO] [stdout]   --> src/lib.rs:12:16
[INFO] [stdout]    |
[INFO] [stdout] 12 |     _instance: HINSTANCE,
[INFO] [stdout]    |                ^^^^^^^^^ not found in this scope
[INFO] [stdout] 
[INFO] [stdout] 
[INFO] [stdout] error[E0412]: cannot find type `DWORD` in this scope
[INFO] [stdout]   --> src/lib.rs:13:18
[INFO] [stdout]    |
[INFO] [stdout] 13 |     call_reason: DWORD,
[INFO] [stdout]    |                  ^^^^^ not found in this scope
[INFO] [stdout] 
[INFO] [stdout] 
[INFO] [stdout] error[E0412]: cannot find type `LPVOID` in this scope
[INFO] [stdout]   --> src/lib.rs:14:16
[INFO] [stdout]    |
[INFO] [stdout] 14 |     _reserved: LPVOID,
[INFO] [stdout]    |                ^^^^^^ not found in this scope
[INFO] [stdout] 
[INFO] [stdout] 
[INFO] [stdout] error[E0412]: cannot find type `BOOL` in this scope
[INFO] [stdout]   --> src/lib.rs:15:6
[INFO] [stdout]    |
[INFO] [stdout] 15 | ) -> BOOL {
[INFO] [stdout]    |      ^^^^ not found in this scope
[INFO] [stdout] 
[INFO] [stdout] 
[INFO] [stdout] error[E0425]: cannot find function, tuple struct or tuple variant `MessageBoxA` in this scope
[INFO] [stdout]   --> src/lib.rs:21:17
[INFO] [stdout]    |
[INFO] [stdout] 21 |                 MessageBoxA(
[INFO] [stdout]    |                 ^^^^^^^^^^^ not found in this scope
[INFO] [stdout] 
[INFO] [stdout] 
[INFO] [stdout] error[E0425]: cannot find value `MB_ICONINFORMATION` in this scope
[INFO] [stdout]   --> src/lib.rs:25:21
[INFO] [stdout]    |
[INFO] [stdout] 25 |                     MB_ICONINFORMATION,
[INFO] [stdout]    |                     ^^^^^^^^^^^^^^^^^^ not found in this scope
[INFO] [stdout] 
[INFO] [stdout] 
[INFO] [stdout] error[E0425]: cannot find value `TRUE` in this scope
[INFO] [stdout]   --> src/lib.rs:34:5
[INFO] [stdout]    |
[INFO] [stdout] 34 |     TRUE
[INFO] [stdout]    |     ^^^^ not found in this scope
[INFO] [stdout] 
[INFO] [stdout] 
[INFO] [stdout] error: aborting due to 10 previous errors
[INFO] [stdout] 
[INFO] [stdout] 
[INFO] [stdout] Some errors have detailed explanations: E0412, E0425, E0433.
[INFO] [stdout] 
[INFO] [stdout] For more information about an error, try `rustc --explain E0412`.
[INFO] [stdout] 
[INFO] [stderr] error: build failed
[INFO] running `Command { std: "docker" "inspect" "a6172f863e3b4bb684b1d766e77e8df8da77ebf10e127d107da80d2ef7ed455f", kill_on_drop: false }`
[INFO] running `Command { std: "docker" "rm" "-f" "a6172f863e3b4bb684b1d766e77e8df8da77ebf10e127d107da80d2ef7ed455f", kill_on_drop: false }`
[INFO] [stdout] a6172f863e3b4bb684b1d766e77e8df8da77ebf10e127d107da80d2ef7ed455f
